{"id":302,"date":"2018-04-30T14:14:58","date_gmt":"2018-04-30T14:14:58","guid":{"rendered":"http:\/\/belton.tommusdemos.wpengine.com\/?page_id=60"},"modified":"2021-05-13T19:15:53","modified_gmt":"2021-05-13T19:15:53","slug":"about","status":"publish","type":"page","link":"https:\/\/alexeymusic.com\/index.php\/about\/","title":{"rendered":"About"},"content":{"rendered":"[vc_row full_width=&#8221;stretch_row_content_no_spaces&#8221;][vc_column css_animation=&#8221;fadeIn&#8221;]\n\t\t<div class=\"full-width intro\">\n\t\t\t<div class=\"full-height not-completely-full\">\n\t\t\t\t<div class=\"custom-caption\"><\/div>\n\t\t\t\t<div class=\"fixed\">\n\t\t\t\t\t<figure class=\"background-image parallax parallax-banner\" style=\"background-image: url(https:\/\/alexeymusic.com\/wp-content\/uploads\/2021\/05\/WhatsApp-Image-2021-05-05-at-8.48.23-PM.jpeg);\"><\/figure>\n\t\t\t\t<\/div>\n\t\t\t\t<div class=\"full-height-wrapper white-text\">\n\t\t\t\t\t<div class=\"parent\">\n\t\t\t\t\t\t<div class=\"bottom\">\n\t\t\t\t\t\t\t<div class=\"container\">\n\t\t\t\t\t\t\t\t<div class=\"animatedblock delay2 animatedUp\">\n\t\t\t\t\t\t\t\t\t<div class=\"col-lg-6 col-md-6 col-md-offset-1\">\n\t\t\t\t\t\t\t\t\t\t<div class=\"banner-textblock\">\n\t\t\t\t\t\t\t\t\t\t\t<p class=\"large\">About<\/p>\n<h3><span style=\"font-weight: 400;\">His music has been performed in Brazil and abroad, in countries such as Greece, Finland, Armenia, and the USA. <\/span><\/h3>\n\n\t\t\t\t\t\t\t\t\t\t<\/div>\n\t\t\t\t\t\t\t\t\t<\/div>\n\t\t\t\t\t\t\t\t<\/div>\n\t\t\t\t\t\t\t<\/div>\n\t\t\t\t\t\t<\/div>\n\t\t\t\t\t<\/div>\n\t\t\t\t\t<div class=\"overlay\" style=\"background-color: #000000; opacity: 0.0\"><\/div>\n\t\t\t\t<\/div>\n\t\t\t<\/div>\n\t\t<\/div>\n\t[\/vc_column][\/vc_row][vc_section full_width=&#8221;stretch_row&#8221; el_class=&#8221;white&#8221;][vc_row][vc_column][vc_row_inner][vc_column_inner][vc_column_text]<span style=\"font-weight: 400;\">\u00a0 Brazilian-born musician descending from Armenians, his versatility allows him to work as an orchestral and a choir conductor, multi-instrumentalist, arranger, orchestrator, and composer for stage, film, and multimedia.<\/span><span style=\"font-weight: 400;\"><br \/>\n<\/span><span style=\"font-weight: 400;\">\u00a0 As a studio artist, he has been recording and orchestrating music for many TV channels, such as HBO, MTV, Disney, Globo, and ESPN.<\/span><span style=\"font-weight: 400;\"><br \/>\n<\/span><span style=\"font-weight: 400;\">\u00a0 His music has been performed in Brazil and abroad, in countries such as Greece, Finland, Armenia, and the USA. <\/span><span style=\"font-weight: 400;\"><br \/>\n<\/span><span style=\"font-weight: 400;\">\u00a0 \u00a0As a conductor, maestro Kurkdjian leads the Vahakn Minassian Choir of the Armenian collectivity of S\u00e3o Paulo State. He served as an Assistant Conductor of the City of Taubat\u00e9 Symphonic Band, as a guest conductor of the Taubat\u00e9 Youth Symphony Orchestra, and many other ensembles as well, doing performances all over the country, as in Argentina and in the United States as well.<\/span><\/p>\n<p><span style=\"font-weight: 400;\">\u00a0 Created, founded, and leads the Sphaera Rock Orchestra, which has a fruitful collaboration with composers from around the globe, making world premieres and encouraging new compositions, and also advocating the breaking barriers on different musical genres, in addition to making Brazilian premi\u00e8res of several pieces of contemporary music of Armenia, in a collaboration with young composers of this very nation. The group also enjoys performing rock and film music as well.<\/span><\/p>\n<p><span style=\"font-weight: 400;\">\u00a0 \u00a0In 2015, as part of the Armenian Genocide Centennial remembrance, Mr. Kurkdjian composed \u201cBrazil\u2019IAN \u2013 In Honor of the Armenian Genocide Centennial\u201d, a music piece in homage to his people in an attempt to demand the recognition of the Armenian genocide to the world. This piece was selected by the maestro Aram Talalyan to take part in the program of the \u201cTalalyan Brothers Festival\u201d, in 2016, receiving its Armenian premi\u00e8re at the Komitas Chamber Music Hall by the string ensemble of the State Youth Orchestra of Armenia, under the direction of Aram Talalyan.\u00a0\u00a0\u00a0\u00a0\u00a0\u00a0\u00a0\u00a0\u00a0\u00a0\u00a0\u00a0<\/span><\/p>\n<p><span style=\"font-weight: 400;\">\u00a0 In 2017 he received a commission from the Armenian Pops Orchestra to compose an orchestral piece to be performed at the Ambassador Auditorium in Los Angeles, CA, representing the Armenian di\u00e1spora of South America at the Sounds of the Diaspora concert, which happened on March 26th and has given a great reputation to the composer.\u00a0\u00a0\u00a0<\/span><\/p>\n<p><span style=\"font-weight: 400;\">\u00a0He has been working as an electric violinist and orchestrator along with world-famous rock bands, such as Sepultura and Plebe Rude.<\/span><span style=\"font-weight: 400;\"><br \/>\n<\/span><span style=\"font-weight: 400;\">\u00a0 \u00a0Mr. Kurkdjian is a Laureate Commander of the Arts by the Artistic Society Carlos Gomes. <\/span><span style=\"font-weight: 400;\"><br \/>\n<\/span><span style=\"font-weight: 400;\">\u00a0 He has been honored by the City Council of S\u00e3o Paulo and by the National Armenian Council of Brazil.<\/span><span style=\"font-weight: 400;\"><br \/>\n<\/span><span style=\"font-weight: 400;\">\u00a0 Maestro Alexey Kurkdjian has a Bachelor of Music degree from\u00a0<\/span><\/p>\n<p><span style=\"font-weight: 400;\">&#8220;Uni-FIAM-FAAM&#8221; and post-graduate studies in Musicology from both State of S\u00e3o Paulo University (UNESP) and Universidade de S\u00e3o Paulo (USP).<\/span>[\/vc_column_text][\/vc_column_inner][\/vc_row_inner][\/vc_column][\/vc_row][\/vc_section][vc_section full_width=&#8221;stretch_row&#8221;][\/vc_section][vc_section full_width=&#8221;stretch_row&#8221; el_class=&#8221;white&#8221;][vc_row][vc_column width=&#8221;1\/12&#8243;][\/vc_column][vc_column width=&#8221;1\/12&#8243;][\/vc_column][\/vc_row][vc_row][vc_column width=&#8221;1\/12&#8243;][\/vc_column][vc_column width=&#8221;10\/12&#8243;][vc_row_inner][vc_column_inner][vc_separator css=&#8221;.vc_custom_1525093891985{margin-top: 29px !important;margin-bottom: 43px !important;}&#8221;][\/vc_column_inner][\/vc_row_inner][\/vc_column][vc_column width=&#8221;1\/12&#8243;][\/vc_column][\/vc_row][vc_row][vc_column width=&#8221;1\/12&#8243;][\/vc_column][vc_column width=&#8221;10\/12&#8243;][vc_row_inner][vc_column_inner width=&#8221;2\/12&#8243;][vc_column_text]\n<h2 class=\"header\">Clients<\/h2>\n[\/vc_column_text][\/vc_column_inner][vc_column_inner width=&#8221;5\/12&#8243;][vc_column_text]\n<p class=\"large\">Great things happen when building long-lasting relationships. By now, you are hopefully impressed and dying to work with us.<\/p>\n[\/vc_column_text][\/vc_column_inner][vc_column_inner width=&#8221;5\/12&#8243;][vc_column_text]\n<p class=\"alignright\"><a class=\"arrow\" title=\"\" href=\"https:\/\/alexeymusic.com\/index.php\/contact\/\">Contact Us<\/a><\/p>\n[\/vc_column_text][\/vc_column_inner][\/vc_row_inner][\/vc_column][vc_column width=&#8221;1\/12&#8243;][\/vc_column][\/vc_row][\/vc_section]\n<div class=\"clearfix\"><\/div>","protected":false},"excerpt":{"rendered":"<p>[vc_row full_width=&#8221;stretch_row_content_no_spaces&#8221;][vc_column css_animation=&#8221;fadeIn&#8221;][\/vc_column][\/vc_row][vc_section full_width=&#8221;stretch_row&#8221; el_class=&#8221;white&#8221;][vc_row][vc_column][vc_row_inner][vc_column_inner][vc_column_text]\u00a0 Brazilian-born musician descending from Armenians, his versatility allows him to work as an orchestral and a choir conductor, multi-instrumentalist, arranger, orchestrator, and composer for stage, film, and multimedia. \u00a0 As a studio artist, he has been recording and orchestrating music&#8230;<\/p>\n","protected":false},"author":1,"featured_media":530,"parent":0,"menu_order":0,"comment_status":"closed","ping_status":"closed","template":"","meta":{"footnotes":""},"class_list":["post-302","page","type-page","status-publish","has-post-thumbnail","hentry"],"aioseo_notices":[],"_links":{"self":[{"href":"https:\/\/alexeymusic.com\/index.php\/wp-json\/wp\/v2\/pages\/302","targetHints":{"allow":["GET"]}}],"collection":[{"href":"https:\/\/alexeymusic.com\/index.php\/wp-json\/wp\/v2\/pages"}],"about":[{"href":"https:\/\/alexeymusic.com\/index.php\/wp-json\/wp\/v2\/types\/page"}],"author":[{"embeddable":true,"href":"https:\/\/alexeymusic.com\/index.php\/wp-json\/wp\/v2\/users\/1"}],"replies":[{"embeddable":true,"href":"https:\/\/alexeymusic.com\/index.php\/wp-json\/wp\/v2\/comments?post=302"}],"version-history":[{"count":8,"href":"https:\/\/alexeymusic.com\/index.php\/wp-json\/wp\/v2\/pages\/302\/revisions"}],"predecessor-version":[{"id":636,"href":"https:\/\/alexeymusic.com\/index.php\/wp-json\/wp\/v2\/pages\/302\/revisions\/636"}],"wp:featuredmedia":[{"embeddable":true,"href":"https:\/\/alexeymusic.com\/index.php\/wp-json\/wp\/v2\/media\/530"}],"wp:attachment":[{"href":"https:\/\/alexeymusic.com\/index.php\/wp-json\/wp\/v2\/media?parent=302"}],"curies":[{"name":"wp","href":"https:\/\/api.w.org\/{rel}","templated":true}]}}